{"id":1139,"date":"2024-04-21T18:08:01","date_gmt":"2024-04-21T15:08:01","guid":{"rendered":"http:\/\/felipsotomotiv.com\/?post_type=product&#038;p=1139"},"modified":"2024-07-19T13:19:29","modified_gmt":"2024-07-19T10:19:29","slug":"guneslik-tutacagi-2-parca-fnsc103","status":"publish","type":"product","link":"https:\/\/felipsotomotiv.com\/index.php\/urun\/guneslik-tutacagi-2-parca-fnsc103\/","title":{"rendered":"FNSC103 SCAN\u0130A \u0130\u00c7\u0130N G\u00dcNE\u015eL\u0130K TUTACA\u011eI 2 PAR\u00c7A (PRESL\u0130) NG SC S\/R"},"content":{"rendered":"","protected":false},"excerpt":{"rendered":"<p class=\"p1\">NG SC S\/R<\/p>\n","protected":false},"featured_media":2098,"comment_status":"open","ping_status":"closed","template":"","meta":[],"product_cat":[40],"product_tag":[],"class_list":["post-1139","product","type-product","status-publish","has-post-thumbnail","hentry","product_cat-scania-ic-mekan-aksesuarlari"],"_links":{"self":[{"href":"https:\/\/felipsotomotiv.com\/index.php\/wp-json\/wp\/v3\/product\/1139","targetHints":{"allow":["GET"]}}],"collection":[{"href":"https:\/\/felipsotomotiv.com\/index.php\/wp-json\/wp\/v3\/product"}],"about":[{"href":"https:\/\/felipsotomotiv.com\/index.php\/wp-json\/wp\/v2\/types\/product"}],"replies":[{"embeddable":true,"href":"https:\/\/felipsotomotiv.com\/index.php\/wp-json\/wp\/v2\/comments?post=1139"}],"wp:featuredmedia":[{"embeddable":true,"href":"https:\/\/felipsotomotiv.com\/index.php\/wp-json\/wp\/v2\/media\/2098"}],"wp:attachment":[{"href":"https:\/\/felipsotomotiv.com\/index.php\/wp-json\/wp\/v2\/media?parent=1139"}],"wp:term":[{"taxonomy":"product_cat","embeddable":true,"href":"https:\/\/felipsotomotiv.com\/index.php\/wp-json\/wp\/v2\/product_cat?post=1139"},{"taxonomy":"product_tag","embeddable":true,"href":"https:\/\/felipsotomotiv.com\/index.php\/wp-json\/wp\/v2\/product_tag?post=1139"}],"curies":[{"name":"wp","href":"https:\/\/api.w.org\/{rel}","templated":true}]}}