{"id":1177,"date":"2024-04-21T18:15:52","date_gmt":"2024-04-21T15:15:52","guid":{"rendered":"http:\/\/felipsotomotiv.com\/?post_type=product&#038;p=1177"},"modified":"2024-07-03T16:54:08","modified_gmt":"2024-07-03T13:54:08","slug":"vabis-logo-kromu-15-cm-fsc181","status":"publish","type":"product","link":"https:\/\/felipsotomotiv.com\/index.php\/urun\/vabis-logo-kromu-15-cm-fsc181\/","title":{"rendered":"FSC181 SCAN\u0130A \u0130\u00c7\u0130N VABIS LOGO KROMU 15 CM STREAML\u0130NE"},"content":{"rendered":"","protected":false},"excerpt":{"rendered":"<p>UNIVERSAL<\/p>\n","protected":false},"featured_media":1612,"comment_status":"open","ping_status":"closed","template":"","meta":[],"product_cat":[21],"product_tag":[],"class_list":["post-1177","product","type-product","status-publish","has-post-thumbnail","hentry","product_cat-streamline"],"_links":{"self":[{"href":"https:\/\/felipsotomotiv.com\/index.php\/wp-json\/wp\/v3\/product\/1177","targetHints":{"allow":["GET"]}}],"collection":[{"href":"https:\/\/felipsotomotiv.com\/index.php\/wp-json\/wp\/v3\/product"}],"about":[{"href":"https:\/\/felipsotomotiv.com\/index.php\/wp-json\/wp\/v2\/types\/product"}],"replies":[{"embeddable":true,"href":"https:\/\/felipsotomotiv.com\/index.php\/wp-json\/wp\/v2\/comments?post=1177"}],"wp:featuredmedia":[{"embeddable":true,"href":"https:\/\/felipsotomotiv.com\/index.php\/wp-json\/wp\/v2\/media\/1612"}],"wp:attachment":[{"href":"https:\/\/felipsotomotiv.com\/index.php\/wp-json\/wp\/v2\/media?parent=1177"}],"wp:term":[{"taxonomy":"product_cat","embeddable":true,"href":"https:\/\/felipsotomotiv.com\/index.php\/wp-json\/wp\/v2\/product_cat?post=1177"},{"taxonomy":"product_tag","embeddable":true,"href":"https:\/\/felipsotomotiv.com\/index.php\/wp-json\/wp\/v2\/product_tag?post=1177"}],"curies":[{"name":"wp","href":"https:\/\/api.w.org\/{rel}","templated":true}]}}