{"id":1487,"date":"2024-05-21T15:45:21","date_gmt":"2024-05-21T12:45:21","guid":{"rendered":"https:\/\/felipsotomotiv.com\/?post_type=product&#038;p=1487"},"modified":"2024-07-19T13:26:16","modified_gmt":"2024-07-19T10:26:16","slug":"fnme105-mercedes-benz-icin-havalandirma-cerceve-kromu-4-parca-presli-mp4","status":"publish","type":"product","link":"https:\/\/felipsotomotiv.com\/index.php\/urun\/fnme105-mercedes-benz-icin-havalandirma-cerceve-kromu-4-parca-presli-mp4\/","title":{"rendered":"FNME105 MERCEDES-BENZ \u0130\u00c7\u0130N HAVALANDIRMA \u00c7ER\u00c7EVE KROMU 4 PAR\u00c7A (PRESL\u0130) MP4"},"content":{"rendered":"","protected":false},"excerpt":{"rendered":"","protected":false},"featured_media":2105,"comment_status":"open","ping_status":"closed","template":"","meta":[],"product_cat":[39],"product_tag":[],"class_list":["post-1487","product","type-product","status-publish","has-post-thumbnail","hentry","product_cat-mercedes-ic-mekan-aksesuarlari"],"_links":{"self":[{"href":"https:\/\/felipsotomotiv.com\/index.php\/wp-json\/wp\/v3\/product\/1487","targetHints":{"allow":["GET"]}}],"collection":[{"href":"https:\/\/felipsotomotiv.com\/index.php\/wp-json\/wp\/v3\/product"}],"about":[{"href":"https:\/\/felipsotomotiv.com\/index.php\/wp-json\/wp\/v2\/types\/product"}],"replies":[{"embeddable":true,"href":"https:\/\/felipsotomotiv.com\/index.php\/wp-json\/wp\/v2\/comments?post=1487"}],"wp:featuredmedia":[{"embeddable":true,"href":"https:\/\/felipsotomotiv.com\/index.php\/wp-json\/wp\/v2\/media\/2105"}],"wp:attachment":[{"href":"https:\/\/felipsotomotiv.com\/index.php\/wp-json\/wp\/v2\/media?parent=1487"}],"wp:term":[{"taxonomy":"product_cat","embeddable":true,"href":"https:\/\/felipsotomotiv.com\/index.php\/wp-json\/wp\/v2\/product_cat?post=1487"},{"taxonomy":"product_tag","embeddable":true,"href":"https:\/\/felipsotomotiv.com\/index.php\/wp-json\/wp\/v2\/product_tag?post=1487"}],"curies":[{"name":"wp","href":"https:\/\/api.w.org\/{rel}","templated":true}]}}