{"id":1503,"date":"2024-06-04T08:43:59","date_gmt":"2024-06-04T05:43:59","guid":{"rendered":"https:\/\/felipsotomotiv.com\/?post_type=product&#038;p=1503"},"modified":"2024-07-08T15:33:04","modified_gmt":"2024-07-08T12:33:04","slug":"fvo107-volvo-icin-yanlik-ortasi-cita-kromu-fh2-fh3","status":"publish","type":"product","link":"https:\/\/felipsotomotiv.com\/index.php\/urun\/fvo107-volvo-icin-yanlik-ortasi-cita-kromu-fh2-fh3\/","title":{"rendered":"FVO107 VOLVO \u0130\u00c7\u0130N YANLIK ORTASI \u00c7ITA KROMU FH2-FH3"},"content":{"rendered":"","protected":false},"excerpt":{"rendered":"","protected":false},"featured_media":1785,"comment_status":"open","ping_status":"closed","template":"","meta":[],"product_cat":[27],"product_tag":[],"class_list":["post-1503","product","type-product","status-publish","has-post-thumbnail","hentry","product_cat-fh2-fh3"],"_links":{"self":[{"href":"https:\/\/felipsotomotiv.com\/index.php\/wp-json\/wp\/v3\/product\/1503","targetHints":{"allow":["GET"]}}],"collection":[{"href":"https:\/\/felipsotomotiv.com\/index.php\/wp-json\/wp\/v3\/product"}],"about":[{"href":"https:\/\/felipsotomotiv.com\/index.php\/wp-json\/wp\/v2\/types\/product"}],"replies":[{"embeddable":true,"href":"https:\/\/felipsotomotiv.com\/index.php\/wp-json\/wp\/v2\/comments?post=1503"}],"wp:featuredmedia":[{"embeddable":true,"href":"https:\/\/felipsotomotiv.com\/index.php\/wp-json\/wp\/v2\/media\/1785"}],"wp:attachment":[{"href":"https:\/\/felipsotomotiv.com\/index.php\/wp-json\/wp\/v2\/media?parent=1503"}],"wp:term":[{"taxonomy":"product_cat","embeddable":true,"href":"https:\/\/felipsotomotiv.com\/index.php\/wp-json\/wp\/v2\/product_cat?post=1503"},{"taxonomy":"product_tag","embeddable":true,"href":"https:\/\/felipsotomotiv.com\/index.php\/wp-json\/wp\/v2\/product_tag?post=1503"}],"curies":[{"name":"wp","href":"https:\/\/api.w.org\/{rel}","templated":true}]}}