{"id":2205,"date":"2024-07-23T15:30:30","date_gmt":"2024-07-23T12:30:30","guid":{"rendered":"https:\/\/felipsotomotiv.com\/?post_type=product&#038;p=2205"},"modified":"2024-07-23T15:43:44","modified_gmt":"2024-07-23T12:43:44","slug":"fun141","status":"publish","type":"product","link":"https:\/\/felipsotomotiv.com\/index.php\/urun\/fun141\/","title":{"rendered":"FUN141 SCANIA \u0130\u00c7\u0130N AL\u00dcM\u0130NYUM AKS KAPA\u011eI 22,5 \u0130N\u00c7"},"content":{"rendered":"","protected":false},"excerpt":{"rendered":"","protected":false},"featured_media":2206,"comment_status":"open","ping_status":"closed","template":"","meta":[],"product_cat":[44],"product_tag":[],"class_list":["post-2205","product","type-product","status-publish","has-post-thumbnail","hentry","product_cat-aks-kapagi"],"_links":{"self":[{"href":"https:\/\/felipsotomotiv.com\/index.php\/wp-json\/wp\/v3\/product\/2205","targetHints":{"allow":["GET"]}}],"collection":[{"href":"https:\/\/felipsotomotiv.com\/index.php\/wp-json\/wp\/v3\/product"}],"about":[{"href":"https:\/\/felipsotomotiv.com\/index.php\/wp-json\/wp\/v2\/types\/product"}],"replies":[{"embeddable":true,"href":"https:\/\/felipsotomotiv.com\/index.php\/wp-json\/wp\/v2\/comments?post=2205"}],"wp:featuredmedia":[{"embeddable":true,"href":"https:\/\/felipsotomotiv.com\/index.php\/wp-json\/wp\/v2\/media\/2206"}],"wp:attachment":[{"href":"https:\/\/felipsotomotiv.com\/index.php\/wp-json\/wp\/v2\/media?parent=2205"}],"wp:term":[{"taxonomy":"product_cat","embeddable":true,"href":"https:\/\/felipsotomotiv.com\/index.php\/wp-json\/wp\/v2\/product_cat?post=2205"},{"taxonomy":"product_tag","embeddable":true,"href":"https:\/\/felipsotomotiv.com\/index.php\/wp-json\/wp\/v2\/product_tag?post=2205"}],"curies":[{"name":"wp","href":"https:\/\/api.w.org\/{rel}","templated":true}]}}