{"id":2330,"date":"2024-11-18T10:32:03","date_gmt":"2024-11-18T07:32:03","guid":{"rendered":"https:\/\/felipsotomotiv.com\/?post_type=product&#038;p=2330"},"modified":"2024-11-19T17:12:58","modified_gmt":"2024-11-19T14:12:58","slug":"fbdf801-daf-xg-xg-icin-basamak-genisletici","status":"publish","type":"product","link":"https:\/\/felipsotomotiv.com\/index.php\/urun\/fbdf801-daf-xg-xg-icin-basamak-genisletici\/","title":{"rendered":"FBDF801  DAF XG\/XG+ \u0130\u00c7\u0130N BASAMAK GEN\u0130\u015eLET\u0130C\u0130"},"content":{"rendered":"","protected":false},"excerpt":{"rendered":"<p>Fiberglass bir \u00fcr\u00fcnd\u00fcr.<\/p>\n","protected":false},"featured_media":2331,"comment_status":"open","ping_status":"closed","template":"","meta":[],"product_cat":[42,47],"product_tag":[],"class_list":["post-2330","product","type-product","status-publish","has-post-thumbnail","hentry","product_cat-fiber-rtm","product_cat-yeni-urun"],"_links":{"self":[{"href":"https:\/\/felipsotomotiv.com\/index.php\/wp-json\/wp\/v3\/product\/2330","targetHints":{"allow":["GET"]}}],"collection":[{"href":"https:\/\/felipsotomotiv.com\/index.php\/wp-json\/wp\/v3\/product"}],"about":[{"href":"https:\/\/felipsotomotiv.com\/index.php\/wp-json\/wp\/v2\/types\/product"}],"replies":[{"embeddable":true,"href":"https:\/\/felipsotomotiv.com\/index.php\/wp-json\/wp\/v2\/comments?post=2330"}],"wp:featuredmedia":[{"embeddable":true,"href":"https:\/\/felipsotomotiv.com\/index.php\/wp-json\/wp\/v2\/media\/2331"}],"wp:attachment":[{"href":"https:\/\/felipsotomotiv.com\/index.php\/wp-json\/wp\/v2\/media?parent=2330"}],"wp:term":[{"taxonomy":"product_cat","embeddable":true,"href":"https:\/\/felipsotomotiv.com\/index.php\/wp-json\/wp\/v2\/product_cat?post=2330"},{"taxonomy":"product_tag","embeddable":true,"href":"https:\/\/felipsotomotiv.com\/index.php\/wp-json\/wp\/v2\/product_tag?post=2330"}],"curies":[{"name":"wp","href":"https:\/\/api.w.org\/{rel}","templated":true}]}}