{"id":334,"date":"2024-04-21T02:52:44","date_gmt":"2024-04-20T23:52:44","guid":{"rendered":"http:\/\/felipsotomotiv.com\/?post_type=product&#038;p=334"},"modified":"2024-07-05T15:36:04","modified_gmt":"2024-07-05T12:36:04","slug":"yan-havalandirma-etrafi-kromu-fme110","status":"publish","type":"product","link":"https:\/\/felipsotomotiv.com\/index.php\/urun\/yan-havalandirma-etrafi-kromu-fme110\/","title":{"rendered":"FME110 MERCEDES-BENZ \u0130\u00c7\u0130N YAN HAVALANDIRMA ETRAFI KROMU ACTROS MP2\/MP3"},"content":{"rendered":"","protected":false},"excerpt":{"rendered":"","protected":false},"featured_media":1718,"comment_status":"open","ping_status":"closed","template":"","meta":[],"product_cat":[24],"product_tag":[],"class_list":["post-334","product","type-product","status-publish","has-post-thumbnail","hentry","product_cat-actros-mp2-mp3"],"_links":{"self":[{"href":"https:\/\/felipsotomotiv.com\/index.php\/wp-json\/wp\/v3\/product\/334","targetHints":{"allow":["GET"]}}],"collection":[{"href":"https:\/\/felipsotomotiv.com\/index.php\/wp-json\/wp\/v3\/product"}],"about":[{"href":"https:\/\/felipsotomotiv.com\/index.php\/wp-json\/wp\/v2\/types\/product"}],"replies":[{"embeddable":true,"href":"https:\/\/felipsotomotiv.com\/index.php\/wp-json\/wp\/v2\/comments?post=334"}],"wp:featuredmedia":[{"embeddable":true,"href":"https:\/\/felipsotomotiv.com\/index.php\/wp-json\/wp\/v2\/media\/1718"}],"wp:attachment":[{"href":"https:\/\/felipsotomotiv.com\/index.php\/wp-json\/wp\/v2\/media?parent=334"}],"wp:term":[{"taxonomy":"product_cat","embeddable":true,"href":"https:\/\/felipsotomotiv.com\/index.php\/wp-json\/wp\/v2\/product_cat?post=334"},{"taxonomy":"product_tag","embeddable":true,"href":"https:\/\/felipsotomotiv.com\/index.php\/wp-json\/wp\/v2\/product_tag?post=334"}],"curies":[{"name":"wp","href":"https:\/\/api.w.org\/{rel}","templated":true}]}}