{"id":359,"date":"2024-04-21T02:57:01","date_gmt":"2024-04-20T23:57:01","guid":{"rendered":"http:\/\/felipsotomotiv.com\/?post_type=product&#038;p=359"},"modified":"2024-07-16T14:31:15","modified_gmt":"2024-07-16T11:31:15","slug":"tampon-ortasi-kromu-fre110","status":"publish","type":"product","link":"https:\/\/felipsotomotiv.com\/index.php\/urun\/tampon-ortasi-kromu-fre110\/","title":{"rendered":"FRE110 RENAULT \u0130\u00c7\u0130N TAMPON ORTASI KROMU  PREMIUM MODELS"},"content":{"rendered":"","protected":false},"excerpt":{"rendered":"<p>PREMIUM MODELS<\/p>\n","protected":false},"featured_media":1933,"comment_status":"open","ping_status":"closed","template":"","meta":[],"product_cat":[31],"product_tag":[],"class_list":["post-359","product","type-product","status-publish","has-post-thumbnail","hentry","product_cat-premium-models"],"_links":{"self":[{"href":"https:\/\/felipsotomotiv.com\/index.php\/wp-json\/wp\/v3\/product\/359","targetHints":{"allow":["GET"]}}],"collection":[{"href":"https:\/\/felipsotomotiv.com\/index.php\/wp-json\/wp\/v3\/product"}],"about":[{"href":"https:\/\/felipsotomotiv.com\/index.php\/wp-json\/wp\/v2\/types\/product"}],"replies":[{"embeddable":true,"href":"https:\/\/felipsotomotiv.com\/index.php\/wp-json\/wp\/v2\/comments?post=359"}],"wp:featuredmedia":[{"embeddable":true,"href":"https:\/\/felipsotomotiv.com\/index.php\/wp-json\/wp\/v2\/media\/1933"}],"wp:attachment":[{"href":"https:\/\/felipsotomotiv.com\/index.php\/wp-json\/wp\/v2\/media?parent=359"}],"wp:term":[{"taxonomy":"product_cat","embeddable":true,"href":"https:\/\/felipsotomotiv.com\/index.php\/wp-json\/wp\/v2\/product_cat?post=359"},{"taxonomy":"product_tag","embeddable":true,"href":"https:\/\/felipsotomotiv.com\/index.php\/wp-json\/wp\/v2\/product_tag?post=359"}],"curies":[{"name":"wp","href":"https:\/\/api.w.org\/{rel}","templated":true}]}}