{"id":450,"date":"2024-04-21T03:21:01","date_gmt":"2024-04-21T00:21:01","guid":{"rendered":"http:\/\/felipsotomotiv.com\/?post_type=product&#038;p=450"},"modified":"2024-07-16T15:28:51","modified_gmt":"2024-07-16T12:28:51","slug":"delikli-panjur-kromu-ffd106","status":"publish","type":"product","link":"https:\/\/felipsotomotiv.com\/index.php\/urun\/delikli-panjur-kromu-ffd106\/","title":{"rendered":"FFD106 FORD \u0130\u00c7\u0130N DEL\u0130KL\u0130 PANJUR KROMU CARGO"},"content":{"rendered":"","protected":false},"excerpt":{"rendered":"<p>LARGE MODEL<\/p>\n","protected":false},"featured_media":1954,"comment_status":"open","ping_status":"closed","template":"","meta":[],"product_cat":[33],"product_tag":[],"class_list":["post-450","product","type-product","status-publish","has-post-thumbnail","hentry","product_cat-cargo"],"_links":{"self":[{"href":"https:\/\/felipsotomotiv.com\/index.php\/wp-json\/wp\/v3\/product\/450","targetHints":{"allow":["GET"]}}],"collection":[{"href":"https:\/\/felipsotomotiv.com\/index.php\/wp-json\/wp\/v3\/product"}],"about":[{"href":"https:\/\/felipsotomotiv.com\/index.php\/wp-json\/wp\/v2\/types\/product"}],"replies":[{"embeddable":true,"href":"https:\/\/felipsotomotiv.com\/index.php\/wp-json\/wp\/v2\/comments?post=450"}],"wp:featuredmedia":[{"embeddable":true,"href":"https:\/\/felipsotomotiv.com\/index.php\/wp-json\/wp\/v2\/media\/1954"}],"wp:attachment":[{"href":"https:\/\/felipsotomotiv.com\/index.php\/wp-json\/wp\/v2\/media?parent=450"}],"wp:term":[{"taxonomy":"product_cat","embeddable":true,"href":"https:\/\/felipsotomotiv.com\/index.php\/wp-json\/wp\/v2\/product_cat?post=450"},{"taxonomy":"product_tag","embeddable":true,"href":"https:\/\/felipsotomotiv.com\/index.php\/wp-json\/wp\/v2\/product_tag?post=450"}],"curies":[{"name":"wp","href":"https:\/\/api.w.org\/{rel}","templated":true}]}}